the highest common factor of 15 and 1335?
15
Calculate the highest common factor of 3071 and 83.
83
Calculate the highest common factor of 11 and 6787.
11
Calculate the highest common divisor of 128 and 16.
16
Calculate the highest common divisor of 2806 and 92.
46
What is the greatest common divisor of 732 and 671?
61
Calculate the greatest common factor of 28 and 434.
14
What is the highest common factor of 10890 and 90?
90
What is the greatest common factor of 2976 and 32?
32
What is the greatest common factor of 600 and 330?
30
What is the greatest common divisor of 70 and 490?
70
What is the greatest common divisor of 518 and 74?
74
Calculate the greatest common factor of 3830 and 20.
10
Calculate the greatest common factor of 136 and 3944.
136
Calculate the highest common factor of 8 and 40.
8
What is the greatest common divisor of 31 and 15810?
31
Calculate the highest common divisor of 1659 and 63.
21
What is the greatest common divisor of 8 and 7?
1
Calculate the highest common divisor of 112 and 28.
28
What is the greatest common divisor of 1711 and 145?
29
Calculate the highest common factor of 12708 and 12.
12
Calculate the highest common factor of 605 and 11.
11
What is the highest common factor of 220 and 5040?
20
What is the highest common divisor of 2132 and 52?
52
What is the greatest common divisor of 336 and 1568?
112
Calculate the greatest common divisor of 36477 and 189.
189
What is the highest common divisor of 6 and 83?
1
Calculate the highest common divisor of 14 and 448.
14
What is the highest common factor of 1932 and 69?
69
What is the greatest common divisor of 1 and 937?
1
Calculate the highest common divisor of 89 and 6319.
89
What is the highest common factor of 87 and 19604?
29
Calculate the highest common divisor of 231 and 3762.
33
Calculate the greatest common divisor of 960 and 15.
15
What is the highest common divisor of 490 and 196?
98
What is the greatest common divisor of 1540 and 5060?
220
What is the highest common factor of 1136 and 16?
16
What is the greatest common factor of 1703 and 13?
13
Calculate the highest common divisor of 477 and 3657.
159
What is the greatest common factor of 305 and 122?
61
Calculate the highest common divisor of 98 and 2.
2
Calculate the highest common factor of 1675 and 100.
25
What is the highest common factor of 18 and 5787?
9
Calculate the highest common factor of 204 and 17.
17
Calculate the greatest common factor of 9 and 27855.
9
What is the greatest common factor of 1144 and 325?
13
Calculate the highest common divisor of 17 and 901.
17
Calculate the greatest common divisor of 61 and 4453.
61
Calculate the highest common factor of 132 and 88.
44
Calculate the highest common factor of 45 and 8025.
15
Calculate the highest common factor of 86 and 1075.
43
Calculate the highest common divisor of 605 and 22.
11
What is the highest common divisor of 36 and 288?
36
Calculate the greatest common factor of 464 and 87.
29
Calculate the greatest common divisor of 2225 and 50.
25
Calculate the highest common divisor of 448 and 14.
14
Calculate the highest common factor of 528 and 64.
16
What is the highest common factor of 483 and 210?
21
Calculate the greatest common factor of 5916 and 1632.
204
What is the greatest common divisor of 450 and 1225?
25
What is the highest common factor of 190 and 70?
10
Calculate the highest common factor of 8 and 54.
2
What is the highest common factor of 126 and 70?
14
What is the greatest common divisor of 559 and 26?
13
What is the highest common factor of 108 and 12?
12
What is the greatest common divisor of 3856 and 80?
16
What is the highest common factor of 3737 and 1111?
101
Calculate the highest common divisor of 30 and 885.
15
Calculate the highest common factor of 2484 and 12.
12
What is the highest common divisor of 18 and 15?
3
Calculate the highest common divisor of 350 and 560.
70
What is the highest common factor of 476 and 448?
28
Calculate the highest common divisor of 3186 and 590.
118
Calculate the greatest common factor of 6 and 834.
6
What is the greatest common divisor of 9747 and 27?
27
Calculate the highest common divisor of 84 and 36.
12
Calculate the greatest common factor of 495 and 297.
99
What is the greatest common factor of 730 and 20?
10
What is the greatest common factor of 269 and 10?
1
What is the highest common factor of 430 and 30?
10
What is the greatest common factor of 1615 and 255?
85
Calculate the highest common factor of 63 and 621.
9
What is the greatest common divisor of 39 and 39?
39
Calculate the highest common factor of 1908 and 144.
36
What is the greatest common factor of 70 and 12110?
70
What is the highest common factor of 53 and 1325?
53
What is the highest common divisor of 376 and 94?
94
Calculate the greatest common divisor of 600 and 25.
25
Calculate the greatest common divisor of 1356 and 876.
12
What is the highest common factor of 118 and 67260?
118
Calculate the highest common divisor of 112 and 21.
7
What is the greatest common factor of 6 and 630?
6
What is the greatest common factor of 3256 and 44?
44
Calculate the highest common divisor of 139183 and 11.
11
What is the greatest common factor of 69 and 299?
23
What is the greatest common factor of 106 and 14?
2
What is the greatest common divisor of 13 and 1079?
13
What is the greatest common divisor of 814 and 148?
74
What is the highest common divisor of 63 and 5250?
21
Calculate the highest common divisor of 187 and 209.
11
Calculate the greatest common divisor of 45 and 720.
45
What is the highest common factor of 54 and 3414?
6
Calculate the highest common divisor of 204 and 357.
51
Calculate the highest common factor of 128 and 40.
8
What is the greatest common factor of 3972 and 12?
12
Calculate the highest common factor of 120 and 30.
30
What is the highest common divisor of 40 and 1464?
8
What is the greatest common divisor of 26 and 611?
13
Calculate the highest common divisor of 711 and 1343.
79
What is the highest common divisor of 13640 and 31?
31
What is the highest common factor of 10 and 47290?
10
What is the highest common divisor of 555 and 1591?
37
What is the greatest common divisor of 305 and 122?
61
Calculate the highest common divisor of 348 and 12.
12
What is the highest common divisor of 4267 and 17?
17
Calculate the greatest common divisor of 925 and 25.
25
What is the highest common divisor of 2 and 50?
2
What is the greatest common divisor of 7036 and 8?
4
What is the highest common divisor of 2856 and 84?
84
What is the greatest common divisor of 46 and 1472?
46
What is the highest common factor of 216 and 32?
8
Calculate the greatest common divisor of 35250 and 282.
282
What is the highest common factor of 112 and 812?
28
What is the greatest common divisor of 42 and 17612?
14
What is the greatest common factor of 78 and 169?
13
What is the greatest common divisor of 624 and 128?
16
Calculate the highest common divisor of 18 and 1934.
2
Calculate the highest common factor of 339 and 5.
1
Calculate the greatest common factor of 650 and 250.
50
Calculate the highest common factor of 376 and 8.
8
What is the highest common factor of 1524 and 48?
12
What is the greatest common factor of 697 and 410?
41
What is the highest common divisor of 280 and 1316?
28
What is the greatest common divisor of 30 and 760?
10
What is the highest common divisor of 44 and 330?
22
What is the highest common factor of 90 and 170?
10
Calculate the greatest common factor of 1055 and 5.
5
Calculate the highest common divisor of 322 and 1702.
46
Calculate the greatest common factor of 28 and 17486.
14
Calculate the highest common factor of 128 and 1120.
32
What is the greatest common divisor of 4260 and 3?
3
What is the greatest common factor of 79 and 158?
79
What is the highest common divisor of 25 and 18475?
25
Calculate the greatest common divisor of 2275 and 700.
175
Calculate the greatest common factor of 56 and 140.
28
What is the greatest common divisor of 237 and 395?
79
Calculate the highest common divisor of 18 and 22293.
9
Calculate the highest common factor of 665 and 9215.
95
Calculate the highest common divisor of 36 and 436.
4
Calculate the highest common divisor of 638 and 814.
22
What is the greatest com